{"id":95,"date":"2024-02-01T22:09:29","date_gmt":"2024-02-01T21:09:29","guid":{"rendered":"https:\/\/wp.svshk.org\/?page_id=95"},"modified":"2026-03-26T20:04:08","modified_gmt":"2026-03-26T19:04:08","slug":"domare-som-domer-elitspar-for-svshk","status":"publish","type":"page","link":"https:\/\/wp.svshk.org\/?page_id=95","title":{"rendered":"Domare som d\u00f6mer Elitsp\u00e5r f\u00f6r SvSHK"},"content":{"rendered":"\n<p><em>Uppdaterad 2026-03-26<br><br><\/em><a href=\"https:\/\/wp.svshk.org\/domare_elit.htm\" target=\"_blank\" rel=\"noreferrer noopener\">H\u00e4r finns en karta \u00f6ver domare som d\u00f6mer Elitsp\u00e5r.<\/a>\u00a0<\/p>\n\n\n\n<figure class=\"wp-block-table\"><table><tbody><tr><td><strong>Namn<\/strong><\/td><td><strong>Postnr<\/strong><\/td><td><strong>Ort<\/strong><\/td><td><strong>Mobil<\/strong><\/td><td><strong>Epost<\/strong><\/td><\/tr><tr><td>BERNTSSON LEIF<\/td><td>45193<\/td><td>UDDEVALLA<\/td><td>070-6510838<\/td><td><a href=\"mailto:leif.berntsson2@telia.com\" data-type=\"mailto\" data-id=\"mailto:leif.berntsson2@telia.com\">leif.berntsson2@telia.com<\/a><\/td><\/tr><tr><td>CROONA J\u00d6RGEN<\/td><td>63535<\/td><td>STORA SUNDBY<\/td><td>070-6954345<\/td><td><a href=\"mailto:j@jarshammar.com\">j@jarshammar.com<\/a><\/td><\/tr><tr><td>EMILSSON TONY<\/td><td>38532<\/td><td>TORS\u00c5S<\/td><td>070-3209674<\/td><td><a href=\"mailto:emilseftersok@telia.com\">emilseftersok@telia.com<\/a><\/td><\/tr><tr><td>GUSTAFSSON H\u00c5KAN<\/td><td>38391<\/td><td>M\u00d6NSTER\u00c5S<\/td><td>070-8104326<\/td><td><a href=\"mailto:hakan.gustavsson@sodra.com\">hakan.gustavsson@sodra.com<\/a><\/td><\/tr><tr><td>JOELSSON MIKAEL<\/td><td>13835<\/td><td>\u00c4LTA<\/td><td>070-8914955<\/td><td><a href=\"mailto:Mikael.Joelsson@levinvvs.se\"><\/a><a href=\"mailto:m.joelsson2005@gmail.com\" target=\"_blank\" rel=\"noreferrer noopener\">m.joelsson2005@gmail.com<\/a><\/td><\/tr><tr><td>KRISTOFFERSSON PER<\/td><td>64192<\/td><td>KATRINEHOLM<\/td><td>070-3230778<\/td><td><a href=\"mailto:mia.per@telia.com\">mia.per@telia.com<\/a><\/td><\/tr><tr><td>LANDGREN ANNELI<\/td><td>83293<\/td><td>FR\u00d6S\u00d6N<\/td><td>070-6190677<\/td><td><a href=\"mailto:anneli.jamt@gmail.com\">anneli.jamt@gmail.com<\/a><\/td><\/tr><tr><td>LILJEGREN PEKKA<\/td><td>38290<\/td><td>\u00d6RSJ\u00d6<\/td><td>070-2833240<\/td><td><a href=\"mailto:margaretha_liljegren@yahoo.se\">margaretha_liljegren@yahoo.se<\/a><\/td><\/tr><tr><td>LYDEKING LINUS<\/td><td>61191<\/td><td>NYK\u00d6PING<\/td><td>070-6366624<\/td><td><a href=\"mailto:linus@lydeking.se\">linus@lydeking.se<\/a><\/td><\/tr><tr><td>L\u00d6FBERG FREDRIK<\/td><td>74291<\/td><td>\u00d6STHAMMAR<\/td><td>070-3632424<\/td><td><a href=\"mailto:fredriklovberg@live.se\">fredriklovberg@live.se<\/a><\/td><\/tr><tr><td>OLSSON CARINA<\/td><td>66496<\/td><td>SEGMON<\/td><td>070-6712835<\/td><td><a href=\"mailto:kennel@skogsraas.com\">kennel@skogsraas.com<\/a><\/td><\/tr><tr><td>PAG\u00c9N JAN<\/td><td>76113<\/td><td>RIALA<\/td><td>076-2132106<\/td><td><a href=\"mailto:janne.pagen@live.se\">janne.pagen@live.se<\/a><\/td><\/tr><tr><td>PEDERSEN ANDERS<\/td><td>26890<\/td><td>SVAL\u00d6V<\/td><td>070-3966993<\/td><td><a href=\"mailto:anders.gt.pedersen.ap@gmail.com\">anders.gt.pedersen.ap@gmail.com<\/a><\/td><\/tr><tr><td>SPARF TONY<\/td><td>74386<\/td><td>B\u00c4LINGE<\/td><td>070-5626000<\/td><td><a href=\"mailto:tony.sparf@telia.com\">tony.sparf@telia.com<\/a><\/td><\/tr><tr><td>SP\u00c5NGBERG JEANETTE<\/td><td>65457<\/td><td>KARLSTAD<\/td><td>070-6280250<\/td><td><a href=\"mailto:jeanettealstrum@hotmail.com\">jeanettealstrum@hotmail.com<\/a><\/td><\/tr><tr><td>WIDLUND HENRIK<\/td><td>69392<\/td><td>DEGERFORS<\/td><td>072-2059484<\/td><td><a href=\"mailto:widlund1966@gmail.com\">widlund1966@gmail.com<\/a><\/td><\/tr><\/tbody><\/table><\/figure>\n\n\n\n<p><\/p>\n","protected":false},"excerpt":{"rendered":"<p>Uppdaterad 2026-03-26 H\u00e4r finns en karta \u00f6ver domare som d\u00f6mer Elitsp\u00e5r.\u00a0 Namn Postnr Ort Mobil Epost BERNTSSON LEIF 45193 UDDEVALLA 070-6510838 leif.berntsson2@telia.com CROONA J\u00d6RGEN 63535 STORA SUNDBY 070-6954345 j@jarshammar.com EMILSSON [&hellip;]<\/p>\n","protected":false},"author":1,"featured_media":0,"parent":0,"menu_order":0,"comment_status":"closed","ping_status":"closed","template":"","meta":{"_cbd_carousel_blocks":"[]","_monsterinsights_skip_tracking":false,"_monsterinsights_sitenote_active":false,"_monsterinsights_sitenote_note":"","_monsterinsights_sitenote_category":0,"site-sidebar-layout":"default","site-content-layout":"","ast-site-content-layout":"default","site-content-style":"default","site-sidebar-style":"default","ast-global-header-display":"","ast-banner-title-visibility":"","ast-main-header-display":"","ast-hfb-above-header-display":"","ast-hfb-below-header-display":"","ast-hfb-mobile-header-display":"","site-post-title":"","ast-breadcrumbs-content":"","ast-featured-img":"","footer-sml-layout":"","ast-disable-related-posts":"","theme-transparent-header-meta":"","adv-header-id-meta":"","stick-header-meta":"","header-above-stick-meta":"","header-main-stick-meta":"","header-below-stick-meta":"","astra-migrate-meta-layouts":"default","ast-page-background-enabled":"default","ast-page-background-meta":{"desktop":{"background-color":"var(--ast-global-color-4)","background-image":"","background-repeat":"repeat","background-position":"center center","background-size":"auto","background-attachment":"scroll","background-type":"","background-media":"","overlay-type":"","overlay-color":"","overlay-opacity":"","overlay-gradient":""},"tablet":{"background-color":"","background-image":"","background-repeat":"repeat","background-position":"center center","background-size":"auto","background-attachment":"scroll","background-type":"","background-media":"","overlay-type":"","overlay-color":"","overlay-opacity":"","overlay-gradient":""},"mobile":{"background-color":"","background-image":"","background-repeat":"repeat","background-position":"center center","background-size":"auto","background-attachment":"scroll","background-type":"","background-media":"","overlay-type":"","overlay-color":"","overlay-opacity":"","overlay-gradient":""}},"ast-content-background-meta":{"desktop":{"background-color":"var(--ast-global-color-5)","background-image":"","background-repeat":"repeat","background-position":"center center","background-size":"auto","background-attachment":"scroll","background-type":"","background-media":"","overlay-type":"","overlay-color":"","overlay-opacity":"","overlay-gradient":""},"tablet":{"background-color":"var(--ast-global-color-5)","background-image":"","background-repeat":"repeat","background-position":"center center","background-size":"auto","background-attachment":"scroll","background-type":"","background-media":"","overlay-type":"","overlay-color":"","overlay-opacity":"","overlay-gradient":""},"mobile":{"background-color":"var(--ast-global-color-5)","background-image":"","background-repeat":"repeat","background-position":"center center","background-size":"auto","background-attachment":"scroll","background-type":"","background-media":"","overlay-type":"","overlay-color":"","overlay-opacity":"","overlay-gradient":""}},"footnotes":""},"class_list":["post-95","page","type-page","status-publish","hentry"],"_links":{"self":[{"href":"https:\/\/wp.svshk.org\/index.php?rest_route=\/wp\/v2\/pages\/95","targetHints":{"allow":["GET"]}}],"collection":[{"href":"https:\/\/wp.svshk.org\/index.php?rest_route=\/wp\/v2\/pages"}],"about":[{"href":"https:\/\/wp.svshk.org\/index.php?rest_route=\/wp\/v2\/types\/page"}],"author":[{"embeddable":true,"href":"https:\/\/wp.svshk.org\/index.php?rest_route=\/wp\/v2\/users\/1"}],"replies":[{"embeddable":true,"href":"https:\/\/wp.svshk.org\/index.php?rest_route=%2Fwp%2Fv2%2Fcomments&post=95"}],"version-history":[{"count":6,"href":"https:\/\/wp.svshk.org\/index.php?rest_route=\/wp\/v2\/pages\/95\/revisions"}],"predecessor-version":[{"id":1607,"href":"https:\/\/wp.svshk.org\/index.php?rest_route=\/wp\/v2\/pages\/95\/revisions\/1607"}],"wp:attachment":[{"href":"https:\/\/wp.svshk.org\/index.php?rest_route=%2Fwp%2Fv2%2Fmedia&parent=95"}],"curies":[{"name":"wp","href":"https:\/\/api.w.org\/{rel}","templated":true}]}}